222768 a multiple of 28?
True
Is 34202 a multiple of 179?
False
Is 238 a factor of 10021573?
False
Is 158058 a multiple of 18?
True
Is 53843 a multiple of 23?
True
Is 6 a factor of 649695?
False
Does 571 divide 15049101?
False
Is 27 a factor of 3559167?
True
Is 856278 a multiple of 157?
True
Is 2347284 a multiple of 258?
True
Is 74 a factor of 8705804?
True
Is 2868758 a multiple of 56?
False
Is 57 a factor of 13053?
True
Is 9 a factor of 4817?
False
Is 2828 a multiple of 28?
True
Is 111 a factor of 10532550?
False
Is 20 a factor of 4760000?
True
Is 278072 a multiple of 157?
False
Is 7457756 a multiple of 538?
True
Does 32 divide 1847311?
False
Is 31 a factor of 407642?
False
Is 3651956 a multiple of 1837?
True
Does 18 divide 322951?
False
Is 9211464 a multiple of 8?
True
Does 123 divide 50373?
False
Does 227 divide 32315?
False
Does 34 divide 4385001?
False
Is 154 a factor of 6152930?
False
Does 13 divide 11175?
False
Is 90 a factor of 446752?
False
Is 1257050 a multiple of 25?
True
Is 102239 a multiple of 19?
True
Is 13 a factor of 2358005?
True
Is 272 a factor of 62997?
False
Is 411417 a multiple of 113?
False
Does 13 divide 2008334?
False
Does 44 divide 1015041?
False
Does 112 divide 946288?
True
Is 13 a factor of 1541090?
False
Is 581725 a multiple of 78?
False
Does 18 divide 34852?
False
Does 5 divide 33823?
False
Does 315 divide 366568?
False
Does 508 divide 1852168?
True
Does 28 divide 100940?
True
Does 991 divide 10973343?
True
Is 8272350 a multiple of 27?
False
Does 752 divide 2949734?
False
Is 90977 a multiple of 120?
False
Does 99 divide 568354?
False
Is 17 a factor of 6192199?
True
Is 4 a factor of 4418288?
True
Does 7 divide 529310?
False
Is 467 a factor of 5349611?
False
Is 56902 a multiple of 15?
False
Is 17 a factor of 177873?
False
Is 14 a factor of 489622?
True
Is 29 a factor of 5618141?
True
Is 7 a factor of 23211894?
False
Does 405 divide 951345?
True
Is 2827 even?
False
Is 73 a factor of 104741?
False
Is 245 a factor of 27531884?
False
Is 4836 a multiple of 62?
True
Is 46 a factor of 766176?
True
Does 3 divide 81330?
True
Does 16 divide 105872?
True
Does 255 divide 1317644?
False
Is 136 a factor of 135728?
True
Does 32 divide 7520?
True
Is 22 a factor of 17019?
False
Is 2429386 a multiple of 146?
False
Is 2105661 a multiple of 934?
False
Is 10818414 a multiple of 385?
False
Is 2268396 a multiple of 222?
True
Is 10 a factor of 347089?
False
Is 749232 a multiple of 726?
True
Is 64 a factor of 4072478?
False
Is 17808787 a multiple of 82?
False
Does 23 divide 605084?
True
Does 16 divide 3536272?
True
Is 159431 a multiple of 4?
False
Is 47 a factor of 906113?
True
Does 952 divide 995259?
False
Does 132 divide 7097904?
True
Is 95 a factor of 334728?
False
Is 20948 a multiple of 2?
True
Is 3874194 a multiple of 186?
True
Is 140778 a multiple of 18?
True
Is 44748 a multiple of 33?
True
Does 18 divide 141002?
False
Does 444 divide 371184?
True
Is 123 a factor of 87084?
True
Is 57017 a multiple of 46?
False
Is 3 a factor of 1673169?
True
Is 4859377 a multiple of 47?
True
Does 356 divide 5569933?
False
Is 131 a factor of 352309?
False
Does 1472 divide 11612348?
False
Is 12 a factor of 233230?
False
Is 5 a factor of 73227?
False
Is 30 a factor of 78103?
False
Is 411 a factor of 464748?
False
Is 521 a factor of 128166?
True
Is 11117856 a multiple of 32?
True
Is 241 a factor of 4097?
True
Does 43 divide 128746?
False
Is 71 a factor of 2695586?
True
Does 9 divide 130814?
False
Is 199169 a multiple of 151?
True
Does 13 divide 13416?
True
Is 13580 a multiple of 6?
False
Does 17 divide 18385?
False
Does 27 divide 192861?
True
Is 12965011 a multiple of 12?
False
Does 36 divide 253857?
False
Does 8 divide 409957?
False
Does 26 divide 261690?
True
Does 21 divide 1660311?
False
Is 5 a factor of 569305?
True
Is 8 a factor of 302694?
False
Does 426 divide 1615764?
False
Is 1589935 a multiple of 22?
False
Does 60 divide 800572?
False
Is 1173 a factor of 11612700?
True
Does 170 divide 46750?
True
Is 88 a factor of 266793?
False
Is 5 a factor of 2669160?
True
Is 21 a factor of 2316027?
True
Does 14 divide 111?
False
Is 1302576 a multiple of 264?
True
Does 14 divide 13463?
False
Is 87 a factor of 83354?
False
Does 7 divide 45168?
False
Does 1033 divide 26364226?
True
Is 20 a factor of 23587920?
True
Does 23 divide 187772?
True
Does 35 divide 734860?
True
Is 34 a factor of 870605?
False
Is 68397 a multiple of 21?
True
Is 35 a factor of 9695?
True
Does 28 divide 13918004?
False
Does 1750 divide 5757500?
True
Is 16 a factor of 512240?
True
Is 4045440 a multiple of 215?
True
Is 11168768 a multiple of 550?
False
Is 715572 a multiple of 156?
True
Is 69379 a multiple of 1302?
False
Is 211285 a multiple of 68?
False
Does 338 divide 18110761?
False
Is 106873 a multiple of 85?
False
Is 535 a factor of 652840?
False
Is 26344 a multiple of 8?
True
Is 89 a factor of 181393?
False
Is 372 a factor of 628201?
False
Does 132 divide 7553832?
True
Is 3 a factor of 838911?
True
Does 66 divide 1164397?
False
Does 3 divide 26254?
False
Is 310 a factor of 18067490?
False
Is 2522661 a multiple of 73?
True
Is 25 a factor of 20297?
False
Is 1082 a factor of 4916269?
False
Is 81777 a multiple of 7?
False
Does 43 divide 109082?
False
Is 639863 a multiple of 277?
False
Is 1568968 a multiple of 12?
False
Is 3 a factor of 65874?
True
Is 228738 a multiple of 134?
True
Is 32506 a multiple of 2?
True
Is 113 a factor of 4289141?
True
Does 37 divide 276057?
True
Is 420 a factor of 2051280?
True
Does 1264 divide 15056768?
True
Is 495000 a multiple of 44?
True
Is 33 a factor of 970497?
True
Is 83 a factor of 2331138?
True
Is 190 a factor of 577295?
False
Does 22 divide 42464?
False
Is 20 a factor of 159440?
True
Is 82043 a multiple of 26?
False
Is 9 a factor of 1693075?
False
Is 4388222 a multiple of 29?
True
Is 24542 a multiple of 47?
False
Is 90 a factor of 7942410?
True
Is 140 a factor of 258229?
False
Is 20 a factor of 1623180?
True
Is 606 a factor of 210888?
True
Is 23 a factor of 5051776?
False
Is 652158 a multiple of 78?
True
Is 315 a factor of 30611070?
True
Is 129018 a multiple of 23?
False
Is 202019 a multiple of 17?
False
Is 227 a factor of 4114533?
False
Is 261372 a multiple of 138?
True
Does 40 divide 523080?
True
Does 23 divide 80661?
True
Is 676 a factor of 2406918?
False
Is 23 a factor of 60605?
True
Is 123771 a multiple of 22?
False
Is 23822 a multiple of 157?
False
Is 1969640 a multiple of 20?
True
Does 996 divide 3135408?
True
Is 5066217 a multiple of 74?
False
Is 456108 a multiple of 139?
False
Is 1943648 a multiple of 799?
False
Is 15 a factor of 23312536?
False
Is 24625420 a multiple of 284?
False
Is 207 a factor of 719899?
False
Is 1138062 a multiple of 868?
False
Is 68 a factor of 5150746?
False
Is 181 a factor of 189505?
False
Does 10 divide 4688719?
False
Is 5306911 a multiple of 248?
False
Is 282194 a multiple of 11?
True
Is 7 a factor of 1163309?
True
Does 66 divide 652388?
False
Is 19 a factor of 2831095?
True
Is 15 a factor of 136286?
False
Is 57 a factor of 12279289?
False
Is 298432 a multiple of 87?
False
Is 173202 a multiple of 28?
False
Does 21 divide 121002?
True
Is 113 a factor of 446689?
True
Is 19 a factor of 603345?
True
Does 13 divide 1966133?
True
Is 12 a factor of 8343204?
True
Is 330 a factor of 294030?
True
Does 162 divide 177886?
False
Is 496435 a multiple of 276?
False
Is 1572657 a multiple of 13?
False
Is 119850 a multiple of 170?
True
Is 184728 a multiple of 6?
True
Does 3 divide 19321?
False
Is 438137 a multiple of 35?
False
Is 7786819 a multiple of 47?
True
Is 337636 a multiple of 302?
True
Does 453 divide 3823664?
False
Does 692 divide 995096?
True
Is 24 a factor of 4893840?
True
Is 792484 a multiple of 159?
False
Does 30 divide 3215293?
False
Is 670 a factor of 3098115?
False
Is 88 a factor of 151360?
True
Is 3760380 a multiple of 585?
True
Is 42 a factor of 676998?
True
Is 15 a factor of 2473556?
False
Is 75018 a multiple of 11?
False
Does 38 divide 113810?
True
Is 183683 a multiple of 20?
False
Is 37237 a multiple of 2?
False
Does 170 divide 9770750?
True
Is 52 a factor of 448812?
True
Does 1013 divide 2874986?
False
Is 22 a factor of 2165526?
True
Is 16 a factor of 77184?
True
Is 786896 a multiple of 44?
True
Does 97 divide 2362